Let y(q) = -2*q - 7. Let r be y(-6). Let d(u) = u**3 - 6*u**2 + 8*u - 5. What is the remainder when j is divided by d(r)?
7
Let q be 26*(1 + (-1)/2). Let z(s) = 3*s - 19. Calculate the remainder when 79 is divided by z(q).
19
Let u be (-4)/(-6) + 229/3. Suppose 4*i - 3*j - 89 = 0, -4*i = 5*j - 20 - u. What is the remainder when i is divided by ((-105)/(-42))/((-5)/(-24))?
11
Let u be ((-3)/1)/(1 - 0) - 32. Let z = u + 68. What is the remainder when z is divided by 7?
5
Let j(w) = 2*w**2. What is the remainder when 122 is divided by j(4)?
26
Let m(g) = 5*g - 10 + 2*g**2 - g + 3 - 2*g. Calculate the remainder when m(-9) is divided by 28.
25
Let r be (-2)/(-1) + 0/(-5). Suppose -58 = 2*n + r. Let k = 45 + n. What is the remainder when k is divided by 8?
7
Suppose -12*x + 1043 = -1045. What is the remainder when 1043 is divided by x?
173
Let h(c) = -c**3 + 14*c**2 + 57*c - 20. Calculate the remainder when h(17) is divided by 27.
1
Suppose -v - 3*v + 40 = 0. What is the remainder when v is divided by 6?
4
Let t(w) = 15*w + 1. Let v be t(2). Suppose 0 = -5*q - 2*g + 78, -q + 9 = 2*g - 13. Suppose -f + v = q. What is the remainder when 33 is divided by f?
16
Suppose -13 = -4*m - 1. Let t be 69*((-4)/m + 1). Let a = t - -37. Calculate the remainder when 39 is divided by a.
11
Let u(c) = c**2 + 5*c - 8. Let t be (-75)/12 + 3/(-4). What is the remainder when u(t) is divided by 1*(-4 + -8)/(-2)?
0
Suppose -3*o = -8*o + 10. Suppose -5*d = -o*d - 51. What is the remainder when 49 is divided by d?
15
Let z = -32 - -65. Let s(j) = 6*j**2 - 6*j. Let t be s(3). Suppose -3*m - t + 12 = -2*n, -2*n + 5*m + 32 = 0. What is the remainder when z is divided by n?
3
Suppose 10*b - 21*b = -803. Calculate the remainder when b is divided by 19.
16
Let j(f) = f**2 - 107*f + 739. Let n(o) = -3*o**3 - 2*o**2 + 2*o + 1. What is the remainder when n(-4) is divided by j(7)?
36
Let h = -42 - -136. Calculate the remainder when h is divided by 8.
6
Suppose -18*h + 9*h = -18. Suppose -x - 11 = -h*a, 9*a + 3*x - 44 = 4*a. Calculate the remainder when 47 is divided by a.
5
Suppose -4*m - 3*d - 30 = 0, 4*m - 4*d - d + 14 = 0. Let i = m + 7. Calculate the remainder when 19 is divided by (-45)/(-6) + i/(-2).
5
Suppose 150 = -12*u + 22*u. Let b(w) = 10*w. Calculate the remainder when u is divided by b(1).
5
Let x(f) = 2*f**2 - 3*f - 4. Let v be x(3). Suppose v*s - 39 + 14 = 0. Calculate the remainder when -4*(3 - 4 - 2) is divided by s.
2
Let u = -876 - -887. What is the remainder when -6 + 3 - (-57)/3 is divided by u?
5
Let r be (-1 - (2 - 5)) + 1. Suppose 5*s = -2*g - g + 24, -g - 6 = -r*s. Let m(a) = 9*a. What is the remainder when m(1) is divided by g?
0
Let h = 443 - 414. What is the remainder when 33 is divided by h?
4
Let n = 70 + 9. What is the remainder when n is divided by 41?
38
Let l(b) = -b - 2. Let h be l(-11). Suppose -h*s + 14*s = 220. Calculate the remainder when s is divided by 23.
21
Let m be (1 - 15/5)*(-68 + -1). Let g = -108 + m. Calculate the remainder when 237 is divided by g.
27
Suppose 0 = 4*j - 330 + 106. Let k(u) = 109*u**2 - 292*u + 6. What is the remainder when k(3) is divided by j?
55
Let z = -86 + 55. Let w = 25 - z. What is the remainder when w is divided by 12?
8
Suppose 2*j - 59 = 47. Let y(z) = 0*z + 14*z + 2 + z - 2*z + 4*z**2. What is the remainder when j is divided by y(-4)?
11
Let z = 80 - 38. Let u = -107 + 122. Calculate the remainder when z is divided by u.
12
Let s(u) = -u**3 - 11*u**2 + 5*u - 66. Calculate the remainder when 121 is divided by s(-12).
13
Suppose -3*p = 5*m - 10, -2*p - 2*p + 6 = 3*m. Suppose -m*x = 3*d - 26, 33 = 4*x + d + 1. Calculate the remainder when 19 is divided by x.
5
Suppose 45 = 5*b + 3*z, 2*b + 4*z = 2*z + 18. Calculate the remainder when 32 is divided by b.
5
Suppose -4*r = 5*y - 114 - 38, y + 38 = r. What is the remainder when 375 is divided by r?
33
Suppose p - 22 = 5*k, 2*p + k - 13 = 31. Suppose d - 3*d = -p. Suppose -3*q = -3*m - 3, 186*q = 188*q - 4*m + 4. What is the remainder when d is divided by q?
3
Suppose -2*f = -4*a - 13 - 15, 0 = -4*f + a + 21. Suppose -f*k - 5*o = -170, 2*k - 5*o - 75 = 25. What is the remainder when 34 is divided by (-1)/((-3)/k) - 3?
10
Let v(q) = -q**3 + 2*q**2 + 2. Let k be v(3). Let p(s) = -s - 11. Let w be p(k). Calculate the remainder when w/(-22) - 383/(-11) is divided by 18.
17
Suppose 4*q + 30 = 9*q. Let y be 2/(-4) + 15/(-2). What is the remainder when 62 is divided by (q/5)/(y/(-140))?
20
Let l = -1152 + 1259. Calculate the remainder when 1387 is divided by l.
103
Let y(t) = -3*t - 19. Let p be y(-8). Suppose -8*v = -4*v - p*i - 402, -2*v - 4*i = -214. Calculate the remainder when v is divided by 21.
19
Let n be 4/10 - (-162)/(-30). Let j = 23 + n. Let f = -6 + 13. What is the remainder when j is divided by f?
4
Let t = -13 - -16. Suppose 2*r - t*r = -w, 5*w = -4*r + 27. Suppose 537 = 5*g - w*h, 4*g + 4*h - 404 = -0*h. Calculate the remainder when g is divided by 36.
33
Let y = -35 + 37. Suppose -y*h = -6*h - 8, 2*q = -3*h + 32. Calculate the remainder when 54 is divided by q.
16
Let k(b) = 40*b - 206. What is the remainder when 452 is divided by k(9)?
144
Suppose v + v - 360 = 0. Calculate the remainder when v is divided by (115/(-25) - -5)*35.
12
Suppose g = 5*h - 231, -g - 39 = -h + g. Suppose 44*l = h*l - 60. Calculate the remainder when 74 is divided by l.
14
Let l(s) = 2*s**2 + 12*s + 3. Calculate the remainder when 283 is divided by l(-9).
55
Suppose 67*y = 62*y + 1790. Suppose -9*m + y + 317 = 0. Calculate the remainder when m is divided by 38.
37
Suppose -11*a + 12*a = 7. Calculate the remainder when 40 is divided by a.
5
Let j(u) = 4*u + 11. Let y be j(-11). Let q = y - -36. Let l = -3 + 9. Calculate the remainder when l is divided by q.
0
Let q = 1982 + -1975. Calculate the remainder when 25 is divided by q.
4
Let j be 22/8 + 34/8 + -4. Let u(n) = 3*n**3 - 5*n**2 + 5*n - 10. Calculate the remainder when u(j) is divided by 22.
19
Suppose 19*x - 48 = 11*x. What is the remainder when 2/x + (-608)/(-12) + -1 is divided by 10?
0
Let q(b) = 4*b + 20. Let h(w) = 17*w**2 + 1. Calculate the remainder when q(12) is divided by h(1).
14
Let q(h) = h**3 + 6*h**2 + 4*h + 3. Let c(p) = 5*p + 49. Let o be c(-11). Calculate the remainder when (-6 + o)*9/(-2) is divided by q(-2).
10
Let a = 1446 - 1301. What is the remainder when 287 is divided by a?
142
Let v(w) = w**2 + 100. Let r(l) = -l + 1. Let j be r(1). Let o be v(j). Let a = o + -67. Calculate the remainder when a is divided by 17.
16
Suppose -41 + 8 = -4*k + 3*j, -5*k + 5*j + 35 = 0. Suppose 531 = -30*m + 1551. Calculate the remainder when m is divided by k.
10
Suppose -2*y - 2*y = -332. What is the remainder when y is divided by 14?
13
Calculate the remainder when 125 - (-5 + (-63)/(-12))*-4 is divided by 26.
22
What is the remainder when 197 is divided by 1*12 - 8/(-12)*9?
17
Let b(m) = 3*m + 20. Let z(h) = -h - 7. Let n(x) = 6*b(x) + 17*z(x). Calculate the remainder when 29 is divided by n(4).
4
Let s = 23 + -5. Suppose 7*f - 9 = 5. Suppose i + 213 = 5*i + y, -3*y = -f*i + 89. What is the remainder when i is divided by s?
16
Let n = 1862 - 1848. What is the remainder when 19 is divided by n?
5
Let a = -522 + 532. What is the remainder when 199 is divided by a?
9
Suppose 3334 = 9*i - 932. What is the remainder when i is divided by 5?
4
Suppose -44*k - 34*k = -89700. Calculate the remainder when k is divided by 128.
126
Let k = -21 + 23. Suppose -5*u - 81 = -4*z, -k*z + 41 = -0*z - 3*u. Calculate the remainder when 34 is divided by z.
15
Suppose -18 - 9 = -5*i - 2*a, -5*i - 4*a = -19. Let v be 6/(-27) - (-1)/(36/8). Suppose -5*d + 44 - 29 = v. What is the remainder when i is divided by d?
1
Suppose 177 = 4*t - 7*t. Let c = -7 - t. What is the remainder when c is divided by 18?
16
Let v(m) = -m**3 - 4*m**2 - m + 32. Suppose 5*k = y + 2, -2*k + k = -y - 2. Calculate the remainder when 126 is divided by v(k).
30
Let o(i) = i**2 + 22*i + 44. Suppose -3*z - 5 - 70 = 0. Let y = -18 - z. What is the remainder when y is divided by o(-20)?
3
Let g(t) = -t**3 - 9*t**2 - 17*t + 3. Let s be g(-8). What is the remainder when (-2)/(-1 - s/(-77)) is divided by 16?
13
What is the remainder when 190 is divided by 796/22 - (7 + (-6